{"id":32,"date":"2024-05-02T14:57:02","date_gmt":"2024-05-02T14:57:02","guid":{"rendered":"http:\/\/czytaczfest.pl\/?page_id=32"},"modified":"2025-07-29T12:35:53","modified_gmt":"2025-07-29T12:35:53","slug":"regulamin","status":"publish","type":"page","link":"https:\/\/czytaczfest.pl\/index.php\/regulamin\/","title":{"rendered":"REGULAMIN"},"content":{"rendered":"<div data-colibri-id=\"32-c1\" class=\"style-536 style-local-32-c1 position-relative\">\n  <!---->\n  <div data-colibri-component=\"section\" data-colibri-id=\"32-c2\" id=\"custom\" class=\"h-section h-section-global-spacing d-flex align-items-lg-center align-items-md-center align-items-center style-537 style-local-32-c2 position-relative\">\n    <!---->\n    <!---->\n    <div class=\"h-section-grid-container h-section-boxed-container\">\n      <!---->\n      <div data-colibri-id=\"32-c3\" class=\"h-row-container gutters-row-lg-2 gutters-row-md-2 gutters-row-0 gutters-row-v-lg-2 gutters-row-v-md-2 gutters-row-v-2 style-540 style-local-32-c3 position-relative\">\n        <!---->\n        <div class=\"h-row justify-content-lg-center justify-content-md-center justify-content-center align-items-lg-stretch align-items-md-stretch align-items-stretch gutters-col-lg-2 gutters-col-md-2 gutters-col-0 gutters-col-v-lg-2 gutters-col-v-md-2 gutters-col-v-2\">\n          <!---->\n          <div class=\"h-column h-column-container d-flex h-col-lg-auto h-col-md-auto h-col-auto style-541-outer style-local-32-c4-outer\">\n            <div data-colibri-id=\"32-c4\" class=\"d-flex h-flex-basis h-column__inner h-px-lg-2 h-px-md-2 h-px-2 v-inner-lg-2 v-inner-md-2 v-inner-2 style-541 style-local-32-c4 position-relative\">\n              <!---->\n              <!---->\n              <div class=\"w-100 h-y-container h-column__content h-column__v-align flex-basis-100 align-self-lg-start align-self-md-start align-self-start\">\n                <!---->\n                <div data-colibri-id=\"32-c5\" class=\"h-text h-text-component style-542 style-local-32-c5 position-relative h-element\">\n                  <!---->\n                  <!---->\n                  <div class=\"\">\n                    <p><strong>POSTANOWIENIA OG\u00d3LNE<br><\/strong>\n                      <br> 1. Organizatorem imprezy \u201eCzytaczFest\u201d zwanej dalej Wydarzeniem jest Strefa Czytacza Natalia Muniowska, NIP: 5542850743 z siedzib\u0105 w Otorowo 11a, 86-050 Otorowo.<\/p>\n                    <p>2. Regulamin dotyczy wszystkich os\u00f3b, w tym Uczestnik\u00f3w, Go\u015bci, Media oraz Obs\u0142ug\u0119, bior\u0105cych udzia\u0142 w Wydarzeniu i znajduj\u0105cych si\u0119 na terenie Wydarzenia.<\/p>\n                    <p>3. Wydarzenie ma charakter kulturalny i nie ma na celu propagowania jakichkolwiek pogl\u0105d\u00f3w, idei politycznych, religijnych czy spo\u0142ecznych.<\/p>\n                    <p>4. Osoby bior\u0105ce udzia\u0142 w Wydarzeniu podlegaj\u0105 przepisom polskiego prawa i przepisom niniejszego regulaminu.<\/p>\n                    <p>5. Wej\u015bcie na Wydarzenie oznacza akceptacj\u0119 regulaminu oraz obowi\u0105zuj\u0105cych przepis\u00f3w.<\/p>\n                    <p>6. Brak znajomo\u015bci regulaminu i\/lub przepis\u00f3w, nie zwalnia z konsekwencji wynikaj\u0105cych z ewentualnego z\u0142amania jego\/ich postanowie\u0144.<\/p>\n                    <p>\n                      <br>\n                    <\/p>\n                    <p>\n                      <br>\n                    <\/p>\n                    <p><strong>O WYDARZENIU I ZASADACH WST\u0118PU<\/strong><\/p>\n                    <p>1. Wydarzenie odb\u0119dzie si\u0119 w wyszczeg\u00f3lnionych i oznaczonych miejscach usytuowanych na kampusie Uniwersytetu Kazimierza Wielkiego w Bydgoszczy (ul. Chodkiewicza 30, 85-064 Bydgoszcz).<\/p>\n                    <p>2. Wydarzenie jest imprez\u0105 niemasow\u0105, zamkni\u0119t\u0105, co oznacza, \u017ce na jego terenie mog\u0105 przebywa\u0107 jedynie uczestnicy, organizatorzy, pracownicy obiektu, zaproszeni go\u015bcie, media oraz obs\u0142uga.<\/p>\n                    <p>3. Warunkiem uczestnictwa w Wydarzeniu jest nabycie drog\u0105 internetowej przedsprzeda\u017cy lub na miejscu, wej\u015bci\u00f3wki.<\/p>\n                    <p>4. Dzieci do lat 13. mog\u0105 wzi\u0105\u0107 udzia\u0142 w Wydarzeniu tylko i wy\u0142\u0105cznie pod opiek\u0105 osoby doros\u0142ej.<\/p>\n                    <p>5. Nieletni powy\u017cej 13. roku \u017cycia mog\u0105 wzi\u0105\u0107 udzia\u0142 w Wydarzeniu po okazaniu w punkcie akredytacyjnym pisemnej zgody na udzia\u0142 w Wydarzeniu podpisanej w\u0142asnor\u0119cznie przez rodzica lub opiekuna.<\/p>\n                    <p>6. Za nieletnich uczestnik\u00f3w odpowiadaj\u0105 ich rodzice\/opiekunowie.<\/p>\n                    <p>7. Liczba wej\u015bci\u00f3wek na Wydarzenie jest ograniczona.<\/p>\n                    <p>8. Nie ma mo\u017cliwo\u015bci zwrotu zakupionej wej\u015bci\u00f3wki.<\/p>\n                    <p>9. Ka\u017cdy uczestnik Wydarzenia otrzyma opask\u0119 podczas akredytacji. Opask\u0119 nale\u017cy okazywa\u0107 na wezwanie Organizatora, pracownik\u00f3w obiektu oraz obs\u0142ugi.<\/p>\n                    <p>10. Osoby nieposiadaj\u0105ce opaski b\u0119d\u0105 niezw\u0142ocznie usuwane z terenu Wydarzenia.<\/p>\n                    <p>11. Uczestnicy bior\u0105cy udzia\u0142 w wydarzeniu, w trakcie akredytacji, zostan\u0105 poproszeni o okazanie dowodu po\u015bwiadczaj\u0105cego to\u017csamo\u015b\u0107, celem weryfikacji danych podanych w trakcie zakupu wej\u015bci\u00f3wki.<\/p>\n                    <p>12. Dane wykorzystywane do akredytacji b\u0119d\u0105 wykorzystywane przez Organizatora jedynie do cel\u00f3w organizacyjnych.<\/p>\n                    <p>\n                      <br>\n                    <\/p>\n                    <p><strong>ZASADY UDZIA\u0141U W WYDARZENIU<\/strong><\/p>\n                    <p>1. Na teren Wydarzenia nie wolno wprowadza\u0107 \u017cadnych zwierz\u0105t.<\/p>\n                    <p>2. Zabronione jest wnoszenie na teren Wydarzenia jakichkolwiek przedmiot\u00f3w mog\u0105cych stanowi\u0107 zagro\u017cenie dla \u017cycia lub zdrowia uczestnik\u00f3w oraz ich replik, w tym replik jakiejkolwiek broni.<\/p>\n                    <p>3. Zabronione jest r\u00f3wnie\u017c wnoszenie na teren Wydarzenia oraz u\u017cywanie materia\u0142\u00f3w pirotechnicznych wszelkiego rodzaju.<\/p>\n                    <p>4. Zabronione jest wnoszenie, posiadanie oraz spo\u017cywanie na terenie Wydarzenia napoj\u00f3w alkoholowych, \u015brodk\u00f3w psychotropowych oraz odurzaj\u0105cych. W przypadku stwierdzenia braku trze\u017awo\u015bci uczestnika lub znalezienia ww substancji, uczestnik\n                      zostanie natychmiastowo usuni\u0119ty z terenu Wydarzenia. W skrajnych przypadkach mo\u017ce zosta\u0107 wezwana Policja.<\/p>\n                    <p>5. Zabronione jest na terenie Wydarzenia u\u017cywanie wyrob\u00f3w tytoniowych, e-papieros\u00f3w oraz wszelkich podobnych wyrob\u00f3w. Obowi\u0105zuje r\u00f3wnie\u017c zakaz wskrzesania ognia.&nbsp;W przypadku uruchomienia czujnika dymu, Uczestnik ponosi wszelk\u0105\n                      odpowiedzialno\u015b\u0107 karn\u0105 wynikaj\u0105c\u0105 z nieuzasadnionego wezwania s\u0142u\u017cb ratunkowych.<\/p>\n                    <p>6. Osoby znajduj\u0105ce si\u0119 pod wp\u0142ywem \u015brodk\u00f3w odurzaj\u0105cych i pobudzaj\u0105cych, a tak\u017ce zachowuj\u0105ce si\u0119 agresywnie lub wulgarnie b\u0119d\u0105 dyscyplinarnie usuwane z terenu Wydarzenia. W skrajnych przypadkach b\u0119dzie wzywana Policja.<\/p>\n                    <p>7. Organizatorzy nie odpowiadaj\u0105 za szkody moralne, zdrowotne oraz materialne uczestnik\u00f3w imprezy.<\/p>\n                    <p>8. Organizatorzy nie odpowiadaj\u0105 za rzeczy zniszczone, zagubione lub pozostawione bez opieki.<\/p>\n                    <p>9. Organizatorzy nie odpowiadaj\u0105 za szkody spowodowane przez uczestnik\u00f3w Wydarzenia \u2013 odpowiedzialno\u015b\u0107 spoczywa na sprawcach.<\/p>\n                    <p>10. Uczestnicy zobowi\u0105zani s\u0105 do kulturalnego zachowania, sprz\u0105tania po sobie oraz podporz\u0105dkowania decyzjom Organizator\u00f3w oraz obs\u0142ugi.<\/p>\n                    <p>11. W salach przeznaczonych dla Organizator\u00f3w, Obs\u0142ugi i Go\u015bcie, mog\u0105 przebywa\u0107 jedynie Organizatorzy, Obs\u0142uga i Go\u015bcie.<\/p>\n                    <p>12. Organizatorzy zastrzegaj\u0105 sobie prawo do usuni\u0119cia z terenu Wydarzenia os\u00f3b \u0142ami\u0105cych regulamin.<\/p>\n                    <p>\n                      <br>\n                    <\/p>\n                    <p>\n                      <br>\n                    <\/p>\n                    <p>\n                      <br>\n                    <\/p>\n                    <p>\n                      <br>\n                    <\/p>\n                  <\/div>\n                <\/div>\n              <\/div>\n            <\/div>\n          <\/div>\n        <\/div>\n      <\/div>\n    <\/div>\n  <\/div>\n<\/div>","protected":false},"excerpt":{"rendered":"<p>POSTANOWIENIA OG\u00d3LNE 1. Organizatorem imprezy \u201eCzytaczFest\u201d zwanej dalej Wydarzeniem jest Strefa Czytacza Natalia Muniowska, NIP: 5542850743 z siedzib\u0105 w Otorowo 11a, 86-050 Otorowo. 2. Regulamin dotyczy wszystkich os\u00f3b, w tym Uczestnik\u00f3w, Go\u015bci, Media oraz Obs\u0142ug\u0119, bior\u0105cych udzia\u0142 w Wydarzeniu i znajduj\u0105cych si\u0119 na terenie Wydarzenia. 3. Wydarzenie ma charakter kulturalny i nie ma na celu [&hellip;]<\/p>\n","protected":false},"author":1,"featured_media":0,"parent":0,"menu_order":0,"comment_status":"closed","ping_status":"closed","template":"page-templates\/full-width-page.php","meta":{"footnotes":""},"class_list":["post-32","page","type-page","status-publish","hentry"],"_links":{"self":[{"href":"https:\/\/czytaczfest.pl\/index.php\/wp-json\/wp\/v2\/pages\/32","targetHints":{"allow":["GET"]}}],"collection":[{"href":"https:\/\/czytaczfest.pl\/index.php\/wp-json\/wp\/v2\/pages"}],"about":[{"href":"https:\/\/czytaczfest.pl\/index.php\/wp-json\/wp\/v2\/types\/page"}],"author":[{"embeddable":true,"href":"https:\/\/czytaczfest.pl\/index.php\/wp-json\/wp\/v2\/users\/1"}],"replies":[{"embeddable":true,"href":"https:\/\/czytaczfest.pl\/index.php\/wp-json\/wp\/v2\/comments?post=32"}],"version-history":[{"count":3,"href":"https:\/\/czytaczfest.pl\/index.php\/wp-json\/wp\/v2\/pages\/32\/revisions"}],"predecessor-version":[{"id":697,"href":"https:\/\/czytaczfest.pl\/index.php\/wp-json\/wp\/v2\/pages\/32\/revisions\/697"}],"wp:attachment":[{"href":"https:\/\/czytaczfest.pl\/index.php\/wp-json\/wp\/v2\/media?parent=32"}],"curies":[{"name":"wp","href":"https:\/\/api.w.org\/{rel}","templated":true}]}}