{"id":33,"date":"2024-05-02T14:57:02","date_gmt":"2024-05-02T14:57:02","guid":{"rendered":"http:\/\/czytaczfest.pl\/?page_id=33"},"modified":"2025-07-29T12:40:43","modified_gmt":"2025-07-29T12:40:43","slug":"faq","status":"publish","type":"page","link":"https:\/\/czytaczfest.pl\/index.php\/faq\/","title":{"rendered":"FAQ"},"content":{"rendered":"<div data-colibri-id=\"33-c1\" class=\"style-526 style-local-33-c1 position-relative\">\n  <!---->\n  <div data-colibri-component=\"section\" data-colibri-id=\"33-c2\" id=\"custom\" class=\"h-section h-section-global-spacing d-flex align-items-lg-center align-items-md-center align-items-center style-527 style-local-33-c2 position-relative\">\n    <!---->\n    <!---->\n    <div class=\"h-section-grid-container h-section-boxed-container\">\n      <!---->\n      <div data-colibri-id=\"33-c3\" class=\"h-row-container gutters-row-lg-2 gutters-row-md-2 gutters-row-0 gutters-row-v-lg-2 gutters-row-v-md-2 gutters-row-v-2 style-528 style-local-33-c3 position-relative\">\n        <!---->\n        <div class=\"h-row justify-content-lg-center justify-content-md-center justify-content-center align-items-lg-stretch align-items-md-stretch align-items-stretch gutters-col-lg-2 gutters-col-md-2 gutters-col-0 gutters-col-v-lg-2 gutters-col-v-md-2 gutters-col-v-2\">\n          <!---->\n          <div class=\"h-column h-column-container d-flex h-col-lg-auto h-col-md-auto h-col-auto style-529-outer style-local-33-c4-outer\">\n            <div data-colibri-id=\"33-c4\" class=\"d-flex h-flex-basis h-column__inner h-px-lg-2 h-px-md-2 h-px-2 v-inner-lg-2 v-inner-md-2 v-inner-2 style-529 style-local-33-c4 position-relative\">\n              <!---->\n              <!---->\n              <div class=\"w-100 h-y-container h-column__content h-column__v-align flex-basis-100 align-self-lg-start align-self-md-start align-self-start\">\n                <!---->\n                <div data-colibri-id=\"33-c5\" class=\"h-text h-text-component style-530 style-local-33-c5 position-relative h-element\">\n                  <!---->\n                  <!---->\n                  <div class=\"\">\n                    <p><strong>Czym jest CzytaczFest?<\/strong><\/p>\n                    <p>CzytaczFest to wydarzenie organizowane przez tw\u00f3rc\u00f3w Strefy Czytacza, Natali\u0119 i Daniela Muniowskich. W ramach CzytaczFestu odbywaj\u0105 si\u0119 spotkania autorskie, prelekcje oraz warsztaty. W 2025 roku odbywa si\u0119 trzecia edycja imprezy.<\/p>\n                    <p><strong>Gdzie i kiedy odb\u0119dzie si\u0119 CzytaczFest?<\/strong><\/p>\n                    <p>CzytaczFest odb\u0119dzie si\u0119 30 sierpnia 2025 r. na Uniwersytecie Kazimierza Wielkiego (ul. Chodkiewicza 30).\n                      <br>Start wydarzenia planowany jest na 10:00, a zako\u0144czenie o 17:00.&nbsp;<\/p>\n                    <p><strong>Jak b\u0119dzie wygl\u0105da\u0107 CzytaczFest?&nbsp;<\/strong><\/p>\n                    <p>W tym roku atrakcje CzytaczFestu b\u0119d\u0105 odbywa\u0107 si\u0119 w dw\u00f3ch salach. W salach b\u0119d\u0105 odbywa\u0107 si\u0119 spotkania autorskie i prelekcje. B\u0119dzie r\u00f3wnie\u017c wydzielona strefa autograf\u00f3w oraz zdj\u0119\u0107.&nbsp;\n                      <br>Atrakcje b\u0119d\u0105 odbywa\u0107 si\u0119 w salach r\u00f3wnocze\u015bnie, dlatego warto wcze\u015bniej zwr\u00f3ci\u0107 uwag\u0119 na program wydarzenia, by nie przegapi\u0107 interesuj\u0105cych punkt\u00f3w programu.<\/p>\n                    <p><strong>Jaki jest limit os\u00f3b w salach i jak zapewni\u0107 sobie miejsce na interesuj\u0105cej nas atrakcji?<\/strong><\/p>\n                    <p>Ze wzgl\u0119du na przepisy przeciwpo\u017carowe, sale posiadaj\u0105 limit uczestnik\u00f3w: 250 i 200 miejsc.<\/p>\n                    <p><strong>Ile kosztuje wej\u015bci\u00f3wka?<\/strong><\/p>\n                    <p>Koszt wej\u015bci\u00f3wki wynosi 60 z\u0142.&nbsp;\n                      <br>Sprzeda\u017c stacjonarna b\u0119dzie mia\u0142a miejsce tylko w przypadku, je\u017celi po przedsprzeda\u017cy pozostan\u0105 dost\u0119pne wej\u015bci\u00f3wki.\n                      <br>\n                      <br> <strong>Kiedy mog\u0119 kupi\u0107 wej\u015bci\u00f3wk\u0119?<\/strong><\/p>\n                    <p>Przedsprzeda\u017c wej\u015bci\u00f3wek ju\u017c trwa. Link do przedsprzeda\u017cy znajduje si\u0119 na stronie g\u0142\u00f3wnej.\n                      <br>\n                      <br> <strong>Czy b\u0119dzie mo\u017cliwo\u015b\u0107 zakupu wej\u015bci\u00f3wki na miejscu?<\/strong><\/p>\n                    <p>Tak, ale tylko pod warunkiem, \u017ce nie zostanie wcze\u015bniej wyczerpany ich limit.<\/p>\n                    <p><strong>Czy s\u0105 jakie\u015b zni\u017cki?<\/strong><\/p>\n                    <p>Niestety, nie przewidujemy \u017cadnych zni\u017cek w tym roku.\n                      <br>\n                      <br> <strong>Czy jest limit wej\u015bci\u00f3wek?<\/strong><\/p>\n                    <p>Tak. Ze wzgl\u0119du na przepisy w imprezie mo\u017ce wzi\u0105\u0107 udzia\u0142 maksymalnie 450 os\u00f3b.\n                      <br>\n                      <br>\n                      <br> <strong>Czy niepe\u0142noletni mog\u0105 bra\u0107 udzia\u0142 w wydarzeniu?<\/strong><\/p>\n                    <p>Tak, ale osoby poni\u017cej 13 roku \u017cycia musz\u0105 by\u0107 z opiekunem.\n                      <br>Jednocze\u015bnie zaznaczamy, \u017ce przez wzgl\u0105d na tematyk\u0119 i grup\u0119 docelow\u0105 uczestnik\u00f3w, CzytaczFest skierowany jest do nieco starszych odbiorc\u00f3w (min. 15 lat).\n                      <br>\n                      <br> <strong>Kiedy b\u0119dzie znany program wydarzenia?<\/strong>\n                      <br>\n                      <br>Szczeg\u00f3\u0142owy program wydarzenia podamy ok. 10 sierpnia.\n                      <br>\n                      <br> <strong>Kiedy b\u0119dzie dost\u0119pna lista go\u015bci?<\/strong>\n                      <br>\n                      <br> Pe\u0142na lista go\u015bci zostanie opublikowana ok. 10 sierpnia.\n                      <br>\n                      <br> <strong>Czy na wydarzeniu b\u0119dzie mo\u017cliwo\u015b\u0107 zdobycia autograf\u00f3w go\u015bci i czy s\u0105 w tym wzgl\u0119dzie jakie\u015b ograniczenia?<\/strong>\n                      <br>\n                      <br>Tak. Po ka\u017cdym punkcie programu jest przewidziany czas na autografy i zdj\u0119cia. W tym temacie limity s\u0105 bardzo indywidualne i zale\u017c\u0105 tylko i wy\u0142\u0105cznie od naszych Go\u015bci.&nbsp;\n                      <br>\n                      <br> <strong>Czy miejsce, w kt\u00f3rym odbywa si\u0119 CzytaczFest, jest przystosowane do os\u00f3b z niepe\u0142nosprawno\u015bciami?<\/strong>\n                      <br>\n                      <br>Tak, w budynku s\u0105 windy dla os\u00f3b z niepe\u0142nosprawno\u015bciami.&nbsp;<\/p>\n                  <\/div>\n                <\/div>\n              <\/div>\n            <\/div>\n          <\/div>\n        <\/div>\n      <\/div>\n    <\/div>\n  <\/div>\n<\/div>","protected":false},"excerpt":{"rendered":"<p>Czym jest CzytaczFest? CzytaczFest to wydarzenie organizowane przez tw\u00f3rc\u00f3w Strefy Czytacza, Natali\u0119 i Daniela Muniowskich. W ramach CzytaczFestu odbywaj\u0105 si\u0119 spotkania autorskie, prelekcje oraz warsztaty. W 2025 roku odbywa si\u0119 trzecia edycja imprezy. Gdzie i kiedy odb\u0119dzie si\u0119 CzytaczFest? CzytaczFest odb\u0119dzie si\u0119 30 sierpnia 2025 r. na Uniwersytecie Kazimierza Wielkiego (ul. Chodkiewicza 30). Start wydarzenia [&hellip;]<\/p>\n","protected":false},"author":1,"featured_media":0,"parent":0,"menu_order":0,"comment_status":"closed","ping_status":"closed","template":"page-templates\/full-width-page.php","meta":{"footnotes":""},"class_list":["post-33","page","type-page","status-publish","hentry"],"_links":{"self":[{"href":"https:\/\/czytaczfest.pl\/index.php\/wp-json\/wp\/v2\/pages\/33","targetHints":{"allow":["GET"]}}],"collection":[{"href":"https:\/\/czytaczfest.pl\/index.php\/wp-json\/wp\/v2\/pages"}],"about":[{"href":"https:\/\/czytaczfest.pl\/index.php\/wp-json\/wp\/v2\/types\/page"}],"author":[{"embeddable":true,"href":"https:\/\/czytaczfest.pl\/index.php\/wp-json\/wp\/v2\/users\/1"}],"replies":[{"embeddable":true,"href":"https:\/\/czytaczfest.pl\/index.php\/wp-json\/wp\/v2\/comments?post=33"}],"version-history":[{"count":18,"href":"https:\/\/czytaczfest.pl\/index.php\/wp-json\/wp\/v2\/pages\/33\/revisions"}],"predecessor-version":[{"id":704,"href":"https:\/\/czytaczfest.pl\/index.php\/wp-json\/wp\/v2\/pages\/33\/revisions\/704"}],"wp:attachment":[{"href":"https:\/\/czytaczfest.pl\/index.php\/wp-json\/wp\/v2\/media?parent=33"}],"curies":[{"name":"wp","href":"https:\/\/api.w.org\/{rel}","templated":true}]}}

<div data-colibri-id="33-c1" class="style-526 style-local-33-c1 position-relative">
  <!---->
  <div data-colibri-component="section" data-colibri-id="33-c2" id="custom" class="h-section h-section-global-spacing d-flex align-items-lg-center align-items-md-center align-items-center style-527 style-local-33-c2 position-relative">
    <!---->
    <!---->
    <div class="h-section-grid-container h-section-boxed-container">
      <!---->
      <div data-colibri-id="33-c3" class="h-row-container gutters-row-lg-2 gutters-row-md-2 gutters-row-0 gutters-row-v-lg-2 gutters-row-v-md-2 gutters-row-v-2 style-528 style-local-33-c3 position-relative">
        <!---->
        <div class="h-row justify-content-lg-center justify-content-md-center justify-content-center align-items-lg-stretch align-items-md-stretch align-items-stretch gutters-col-lg-2 gutters-col-md-2 gutters-col-0 gutters-col-v-lg-2 gutters-col-v-md-2 gutters-col-v-2">
          <!---->
          <div class="h-column h-column-container d-flex h-col-lg-auto h-col-md-auto h-col-auto style-529-outer style-local-33-c4-outer">
            <div data-colibri-id="33-c4" class="d-flex h-flex-basis h-column__inner h-px-lg-2 h-px-md-2 h-px-2 v-inner-lg-2 v-inner-md-2 v-inner-2 style-529 style-local-33-c4 position-relative">
              <!---->
              <!---->
              <div class="w-100 h-y-container h-column__content h-column__v-align flex-basis-100 align-self-lg-start align-self-md-start align-self-start">
                <!---->
                <div data-colibri-id="33-c5" class="h-text h-text-component style-530 style-local-33-c5 position-relative h-element">
                  <!---->
                  <!---->
                  <div class="">
                    <p><strong>Czym jest CzytaczFest?</strong></p>
                    <p>CzytaczFest to wydarzenie organizowane przez twórców Strefy Czytacza, Natalię i Daniela Muniowskich. W ramach CzytaczFestu odbywają się spotkania autorskie, prelekcje oraz warsztaty. W 2025 roku odbywa się trzecia edycja imprezy.</p>
                    <p><strong>Gdzie i kiedy odbędzie się CzytaczFest?</strong></p>
                    <p>CzytaczFest odbędzie się 30 sierpnia 2025 r. na Uniwersytecie Kazimierza Wielkiego (ul. Chodkiewicza 30).
                      <br>Start wydarzenia planowany jest na 10:00, a zakończenie o 17:00.&nbsp;</p>
                    <p><strong>Jak będzie wyglądać CzytaczFest?&nbsp;</strong></p>
                    <p>W tym roku atrakcje CzytaczFestu będą odbywać się w dwóch salach. W salach będą odbywać się spotkania autorskie i prelekcje. Będzie również wydzielona strefa autografów oraz zdjęć.&nbsp;
                      <br>Atrakcje będą odbywać się w salach równocześnie, dlatego warto wcześniej zwrócić uwagę na program wydarzenia, by nie przegapić interesujących punktów programu.</p>
                    <p><strong>Jaki jest limit osób w salach i jak zapewnić sobie miejsce na interesującej nas atrakcji?</strong></p>
                    <p>Ze względu na przepisy przeciwpożarowe, sale posiadają limit uczestników: 250 i 200 miejsc.</p>
                    <p><strong>Ile kosztuje wejściówka?</strong></p>
                    <p>Koszt wejściówki wynosi 60 zł.&nbsp;
                      <br>Sprzedaż stacjonarna będzie miała miejsce tylko w przypadku, jeżeli po przedsprzedaży pozostaną dostępne wejściówki.
                      <br>
                      <br> <strong>Kiedy mogę kupić wejściówkę?</strong></p>
                    <p>Przedsprzedaż wejściówek już trwa. Link do przedsprzedaży znajduje się na stronie głównej.
                      <br>
                      <br> <strong>Czy będzie możliwość zakupu wejściówki na miejscu?</strong></p>
                    <p>Tak, ale tylko pod warunkiem, że nie zostanie wcześniej wyczerpany ich limit.</p>
                    <p><strong>Czy są jakieś zniżki?</strong></p>
                    <p>Niestety, nie przewidujemy żadnych zniżek w tym roku.
                      <br>
                      <br> <strong>Czy jest limit wejściówek?</strong></p>
                    <p>Tak. Ze względu na przepisy w imprezie może wziąć udział maksymalnie 450 osób.
                      <br>
                      <br>
                      <br> <strong>Czy niepełnoletni mogą brać udział w wydarzeniu?</strong></p>
                    <p>Tak, ale osoby poniżej 13 roku życia muszą być z opiekunem.
                      <br>Jednocześnie zaznaczamy, że przez wzgląd na tematykę i grupę docelową uczestników, CzytaczFest skierowany jest do nieco starszych odbiorców (min. 15 lat).
                      <br>
                      <br> <strong>Kiedy będzie znany program wydarzenia?</strong>
                      <br>
                      <br>Szczegółowy program wydarzenia podamy ok. 10 sierpnia.
                      <br>
                      <br> <strong>Kiedy będzie dostępna lista gości?</strong>
                      <br>
                      <br> Pełna lista gości zostanie opublikowana ok. 10 sierpnia.
                      <br>
                      <br> <strong>Czy na wydarzeniu będzie możliwość zdobycia autografów gości i czy są w tym względzie jakieś ograniczenia?</strong>
                      <br>
                      <br>Tak. Po każdym punkcie programu jest przewidziany czas na autografy i zdjęcia. W tym temacie limity są bardzo indywidualne i zależą tylko i wyłącznie od naszych Gości.&nbsp;
                      <br>
                      <br> <strong>Czy miejsce, w którym odbywa się CzytaczFest, jest przystosowane do osób z niepełnosprawnościami?</strong>
                      <br>
                      <br>Tak, w budynku są windy dla osób z niepełnosprawnościami.&nbsp;</p>
                  </div>
                </div>
              </div>
            </div>
          </div>
        </div>
      </div>
    </div>
  </div>
</div>

<p>Czym jest CzytaczFest? CzytaczFest to wydarzenie organizowane przez twórców Strefy Czytacza, Natalię i Daniela Muniowskich. W ramach CzytaczFestu odbywają się spotkania autorskie, prelekcje oraz warsztaty. W 2025 roku odbywa się trzecia edycja imprezy. Gdzie i kiedy odbędzie się CzytaczFest? CzytaczFest odbędzie się 30 sierpnia 2025 r. na Uniwersytecie Kazimierza Wielkiego (ul. Chodkiewicza 30). Start wydarzenia [&hellip;]</p>
